{"id":202,"date":"2008-01-22T12:59:37","date_gmt":"2008-01-22T12:59:37","guid":{"rendered":"http:\/\/idearsa.com.ar\/?page_id=202"},"modified":"2014-08-22T13:07:53","modified_gmt":"2014-08-22T13:07:53","slug":"planta-de-tratamiento-libertador","status":"publish","type":"page","link":"https:\/\/idearsa.com.ar\/?page_id=202","title":{"rendered":"Planta de tratamiento Libertador"},"content":{"rendered":"<p><strong>Proceso de tratamiento<\/strong><br \/>\nAeraci\u00f3n + Doble Filtraci\u00f3n Biol\u00f3gica (Proceso BioCIS-UNR\u00ae)<\/p>\n<p><strong>A\u00f1o de Inauguraci\u00f3n<br \/>\n<\/strong>2008<\/p>\n<p><strong>Caudal Tratado<\/strong><br \/>\n4 m3\/h<\/p>\n<p><strong>Poblaci\u00f3n\u00a0Abastecida<\/strong><br \/>\n500 habitantes<\/p>\n<p><strong>Tipo de Construcci\u00f3n<\/strong><br \/>\nModular Compacta de Pl\u00e1stico Reforzado con Fibra de Vidrio<\/p>\n<p><strong>Hierro total en agua cruda<\/strong><br \/>\n2,50 mg\/l<\/p>\n<p><strong>Manganeso total en agua cruda<\/strong><br \/>\n1,10 mg\/l<\/p>\n<p><strong>Informaci\u00f3n de Contacto<\/strong><br \/>\nAguas de Corrientes S.A.<br \/>\nTel.\/fax: +54-03783-4422980<\/p>\n<p><a href=\"http:\/\/idearsa.com.ar\/wp-content\/uploads\/2014\/08\/Ficha-T\u00e9cnica-Planta-Libertador.pdf\" target=\"_blank\">Descargar Ficha T\u00e9cnica<\/a><\/p>\n","protected":false},"excerpt":{"rendered":"<p>A\u00f1o de inauguraci\u00f3n: 2008<br \/>Poblaci\u00f3n abastecida: 500 habitantes<\/p>\n","protected":false},"author":2,"featured_media":204,"parent":89,"menu_order":0,"comment_status":"open","ping_status":"closed","template":"template-productos-plantas-construidas-mas-informacion.php","meta":{"_acf_changed":false,"footnotes":""},"class_list":["post-202","page","type-page","status-publish","has-post-thumbnail","hentry"],"acf":[],"_links":{"self":[{"href":"https:\/\/idearsa.com.ar\/index.php?rest_route=\/wp\/v2\/pages\/202","targetHints":{"allow":["GET"]}}],"collection":[{"href":"https:\/\/idearsa.com.ar\/index.php?rest_route=\/wp\/v2\/pages"}],"about":[{"href":"https:\/\/idearsa.com.ar\/index.php?rest_route=\/wp\/v2\/types\/page"}],"author":[{"embeddable":true,"href":"https:\/\/idearsa.com.ar\/index.php?rest_route=\/wp\/v2\/users\/2"}],"replies":[{"embeddable":true,"href":"https:\/\/idearsa.com.ar\/index.php?rest_route=%2Fwp%2Fv2%2Fcomments&post=202"}],"version-history":[{"count":1,"href":"https:\/\/idearsa.com.ar\/index.php?rest_route=\/wp\/v2\/pages\/202\/revisions"}],"predecessor-version":[{"id":205,"href":"https:\/\/idearsa.com.ar\/index.php?rest_route=\/wp\/v2\/pages\/202\/revisions\/205"}],"up":[{"embeddable":true,"href":"https:\/\/idearsa.com.ar\/index.php?rest_route=\/wp\/v2\/pages\/89"}],"wp:featuredmedia":[{"embeddable":true,"href":"https:\/\/idearsa.com.ar\/index.php?rest_route=\/wp\/v2\/media\/204"}],"wp:attachment":[{"href":"https:\/\/idearsa.com.ar\/index.php?rest_route=%2Fwp%2Fv2%2Fmedia&parent=202"}],"curies":[{"name":"wp","href":"https:\/\/api.w.org\/{rel}","templated":true}]}}