{"id":576,"date":"2018-10-05T15:35:34","date_gmt":"2018-10-05T15:35:34","guid":{"rendered":"http:\/\/idearsa.com.ar\/?page_id=576"},"modified":"2018-10-05T16:09:46","modified_gmt":"2018-10-05T16:09:46","slug":"planta-compacta-para-bidones","status":"publish","type":"page","link":"https:\/\/idearsa.com.ar\/?page_id=576","title":{"rendered":"Planta Compacta para Bidones"},"content":{"rendered":"<p><strong>Proceso de tratamiento<\/strong><br \/>\nAeraci\u00f3n + Doble Filtraci\u00f3n Biol\u00f3gica (Proceso BioCIS-UNR\u00ae)<\/p>\n<p><strong>A\u00f1o de Inauguraci\u00f3n<br \/>\n<\/strong>2018<\/p>\n<p><strong>Caudal Tratado<\/strong><br \/>\n1\u00a0m3\/h<\/p>\n<p><strong>Poblaci\u00f3n\u00a0Abastecida<\/strong><br \/>\n4.800 habitantes potenciales (5 l\/hab\/dia)<\/p>\n<p><strong>Tipo de Construcci\u00f3n<\/strong><br \/>\nModular Compacta de Pl\u00e1stico Reforzado con Fibra de Vidrio<\/p>\n<p><strong>Hierro en agua cruda<\/strong><br \/>\n0,10 mg\/l \u2014-&lt;0,05 mg\/L<\/p>\n<p><strong>Manganeso en agua cruda<\/strong><br \/>\n1,5 mg\/l \u2014-&lt;0,05 mg\/L<\/p>\n<p><strong>Informaci\u00f3n de Contacto<\/strong><br \/>\nComuna Las Garzas<\/p>\n<p>Intendente Walter S\u00e1nchez<br \/>\nTel.\/fax:\u00a0+54-03482-493010<\/p>\n","protected":false},"excerpt":{"rendered":"<p>A\u00f1o de inauguraci\u00f3n: 2018<br \/>Poblaci\u00f3n abastecida: 4.800 habitantes<\/p>\n","protected":false},"author":2,"featured_media":587,"parent":89,"menu_order":0,"comment_status":"closed","ping_status":"closed","template":"template-productos-plantas-construidas-mas-informacion.php","meta":{"_acf_changed":false,"footnotes":""},"class_list":["post-576","page","type-page","status-publish","has-post-thumbnail","hentry"],"acf":[],"_links":{"self":[{"href":"https:\/\/idearsa.com.ar\/index.php?rest_route=\/wp\/v2\/pages\/576","targetHints":{"allow":["GET"]}}],"collection":[{"href":"https:\/\/idearsa.com.ar\/index.php?rest_route=\/wp\/v2\/pages"}],"about":[{"href":"https:\/\/idearsa.com.ar\/index.php?rest_route=\/wp\/v2\/types\/page"}],"author":[{"embeddable":true,"href":"https:\/\/idearsa.com.ar\/index.php?rest_route=\/wp\/v2\/users\/2"}],"replies":[{"embeddable":true,"href":"https:\/\/idearsa.com.ar\/index.php?rest_route=%2Fwp%2Fv2%2Fcomments&post=576"}],"version-history":[{"count":15,"href":"https:\/\/idearsa.com.ar\/index.php?rest_route=\/wp\/v2\/pages\/576\/revisions"}],"predecessor-version":[{"id":603,"href":"https:\/\/idearsa.com.ar\/index.php?rest_route=\/wp\/v2\/pages\/576\/revisions\/603"}],"up":[{"embeddable":true,"href":"https:\/\/idearsa.com.ar\/index.php?rest_route=\/wp\/v2\/pages\/89"}],"wp:featuredmedia":[{"embeddable":true,"href":"https:\/\/idearsa.com.ar\/index.php?rest_route=\/wp\/v2\/media\/587"}],"wp:attachment":[{"href":"https:\/\/idearsa.com.ar\/index.php?rest_route=%2Fwp%2Fv2%2Fmedia&parent=576"}],"curies":[{"name":"wp","href":"https:\/\/api.w.org\/{rel}","templated":true}]}}